Calculate the highest common factor of 39 and g.
39
Suppose 0 = 3*j - 3*m + 21, j = 2*m - 6 - 6. Let v(p) = -9*p - 2. Let n be v(j). What is the greatest common divisor of n and 8?
8
Suppose 0 = -4*z + 9*z - 35. Calculate the greatest common factor of 28 and z.
7
Let k be 10*((-9)/6 - -2). Let m = 321 - 232. Suppose 0 = k*h - m - 51. Calculate the greatest common divisor of 42 and h.
14
Suppose -49*a + 35*a = -9324. Calculate the greatest common factor of 18 and a.
18
Let c = 19 - 11. Let l be 41 - (4 - 2)/1. Let q = -27 + l. Calculate the greatest common divisor of q and c.
4
Suppose 2*z + 328 = -98. Let f = z - -341. Calculate the greatest common divisor of f and 16.
16
Let i = 675 - 1284. Let q be ((22/(-3))/1)/(29/i). Calculate the highest common factor of 22 and q.
22
Let m(h) = 9*h - 38. Let z be m(14). Calculate the highest common factor of z and 16.
8
Suppose 12*n - 5 = 7*n. Let h be ((-2)/n - 0)/(-1). Let i be (h/(-4))/((-5)/260). What is the greatest common factor of 65 and i?
13
Let p(s) be the first derivative of -10*s**3/3 - s**2 - 11. Let r be p(-1). Let a be (-22)/(-2)*(-1 - r). Calculate the highest common factor of a and 7.
7
Let s(f) = 12*f**3 - 2*f**2 - 8*f + 4. Let o be s(2). Calculate the greatest common divisor of 513 and o.
19
Suppose 3*m - 2*w + w = 35, 3*w = -2*m + 5. Let a(y) = y**3 - 4*y**2 - 4*y - 3. Let f be a(5). What is the highest common factor of m and f?
2
Suppose 78*d = 88*d - 840. Calculate the highest common divisor of 21 and d.
21
Let j = 189 + -103. Let u = -41 + j. Calculate the highest common factor of 27 and u.
9
Let i(c) = -3*c**2 - 3. Let k be i(3). Let v = k + 42. Suppose -35 - 28 = -21*r. Calculate the highest common factor of v and r.
3
Let b(z) = 5*z**2 - 12*z + 11. Let n(h) = 6*h**2 - 13*h + 12. Let p(k) = 5*b(k) - 4*n(k). Let j be p(-5). Calculate the highest common divisor of j and 8.
8
Let f(a) be the third derivative of a**6/15 - a**5/60 + a**4/8 + a**3/3 + 41*a**2. Let n be f(2). What is the highest common divisor of n and 34?
34
Let m(d) = d**2 + 6*d + 6. Let n be m(-7). Let k be 11/2 + n/26. Let s be -1 + 3 - (-138)/k. What is the greatest common factor of s and 25?
25
Let k = -1655 - -1723. Calculate the greatest common divisor of 748 and k.
68
Let d = 24 - 20. Suppose -d = -4*z + 5*z. Let s be (-2)/(1/(z + -7)). Calculate the highest common factor of 22 and s.
22
Let s = -553 - -557. What is the highest common divisor of 74 and s?
2
Let j(w) = -20*w**2 - 4*w - 6. Let m be j(11). Let s be m/(-15) + 2/6. What is the greatest common factor of s and 15?
15
Let u(r) = r**3 - 23*r**2 - 23*r + 32. Let j be u(24). What is the highest common divisor of j and 49?
7
Let z(x) = 2*x**3 + 17*x**2 + 4*x + 7. Let y be z(-8). What is the highest common divisor of 39 and y?
39
Suppose -23*q = -41*q + 2268. What is the greatest common factor of 90 and q?
18
Let g be (114/(-30))/((-2)/70). Calculate the highest common factor of 7 and g.
7
Let j = 70 + -51. Calculate the greatest common factor of 133 and j.
19
Let h(g) = -2*g + 55. Let f be h(30). Let i be ((-1)/f*-16)/((-20)/50). Calculate the greatest common factor of 8 and i.
8
Let b be (-3843)/(-105) + (-9)/15 + 0. What is the greatest common factor of b and 36?
36
Let d(o) = -o**3 + 26*o**2 - 23*o - 36. Let p be d(25). Suppose -p*x + 27 = -5*x. What is the highest common factor of x and 6?
3
Let k be 4/22 + 4693/143. Let y = k + -22. What is the highest common divisor of 1 and y?
1
Let z(n) = n**3 + 8*n**2 + 7*n - 3. Let h be z(-6). Let d be (105/4)/((-1)/(-4)). Let p be -1*(0 - d) - -3. Calculate the highest common divisor of p and h.
27
Let w(y) = -3*y - 4. Let h be w(-2). Suppose 59 + 31 = h*j. Let o = j - 33. Calculate the highest common divisor of 8 and o.
4
Suppose 0 = -k - 5, 217 = 2*o + 21*k - 26*k. Calculate the greatest common factor of o and 168.
24
Suppose -5*a + 9 = -26. Let d be (4 + (1 - 2))/1 + -105. Let g = d + 165. What is the highest common factor of a and g?
7
Let r = 166 - 101. Suppose 3*a = 5*y - 10, -a - 3 = -3*y + 7. What is the highest common factor of a and r?
5
Suppose -8*s = -91 + 11. Let m = 95 - s. Calculate the greatest common divisor of m and 17.
17
Let o(p) = p**2 + 8*p + 2. Let y be o(-10). Calculate the highest common factor of 77 and y.
11
Let s(b) = -b**2 + 2*b + 3. Let l be s(3). Suppose -4*h + 2*h + 6 = l. Suppose -4*d - h*p + 203 = 0, 2 + 0 = 2*p. What is the highest common factor of d and 10?
10
Suppose 0 = -16*a + 17*a - 3. What is the highest common factor of 12 and a?
3
Suppose -116*k + 119*k + 5*n - 67 = 0, 2*k - 48 = -4*n. What is the greatest common factor of 105 and k?
7
Suppose -8*n = -3*n - 15. Let i be -5 - ((-3)/n + -2). Let t = i - -13. Calculate the greatest common factor of t and 11.
11
Let u = -11 + 16. Let a be ((-2460)/(-44))/u + (-2)/11. Suppose m + 9 = 4*m, 2*g - 5*m = 95. Calculate the highest common divisor of a and g.
11
Suppose 37 = 2*d + 5*j - 30, 0 = 4*d + 5*j - 159. Let x = 23 - 12. Let t = d - x. Calculate the highest common factor of 7 and t.
7
Suppose 2*h - 2 = 6. Suppose l + 2*y = 152, l + h*y - 79 - 79 = 0. Let d = -83 + l. Calculate the greatest common factor of d and 7.
7
Let w be (-26)/1*(-1023)/22. What is the greatest common factor of 39 and w?
39
Let i = 9 - 3. Suppose 152 + 192 = 4*d. Let p = -20 + d. What is the greatest common factor of i and p?
6
Let x be -6 + 6 + (-1 - 0). Let p be (-22)/(-2) - (1 + x). Calculate the greatest common divisor of 11 and p.
11
Let f = 611 - 375. What is the greatest common divisor of 177 and f?
59
Let u be 44/4 - (-1 + 1 - 3). Calculate the highest common divisor of u and 14.
14
Suppose 6*v - 130 = v. Suppose 12*n = 7*n + 10. Suppose -n*s + 250 + 322 = 0. Calculate the greatest common divisor of v and s.
26
Let y be 1/(-4) + 338/8. Let p be 5/((-25)/(-137)) - 12/(-20). Calculate the highest common divisor of y and p.
14
Suppose 9408 = 140*v - 44*v. What is the highest common factor of v and 1519?
49
Suppose v - 14 = -3*v + 2*i, 3*v - 8 = i. Let s be ((-4)/6)/v + (-1104)/(-36). Calculate the greatest common divisor of s and 75.
15
Let l be 765/27 + 9 - 8/6. Calculate the greatest common factor of l and 42.
6
Let z = 20182 + -20159. Let w be (-92)/2*2/(-4). Calculate the highest common divisor of w and z.
23
Suppose -3*u = 5*k - 25, k + 3 = 2*u - 5. Let f be k/(-4) - 6/(-4). Suppose 3*j + r = 0, 0*j - 4*j + r = -7. What is the greatest common divisor of j and f?
1
Let r = 6 + 34. Suppose -4*b + 1750 = -2*p + 7*p, -5*p = 10. What is the highest common factor of r and b?
40
Let x = -3 + 6. Suppose -q + 12 - x = 0. Let m(b) = -2*b**3 + 13*b**2 + 5*b - 21. Let h be m(6). Calculate the greatest common factor of h and q.
9
Let s(k) = 4 - 4 + 5*k**2. Let j be s(-2). Suppose 5*y + h = 297, 5*y = h - 0*h + 303. What is the highest common divisor of y and j?
20
Let b(r) = -178*r - 57. Let d be b(-4). Calculate the highest common factor of d and 262.
131
Let r be (845/39 + -16)*(22 + -1). Let g = 18 - 1. Calculate the highest common factor of g and r.
17
Let x be (12/(-21))/(2/(-7)). Suppose x*n + 4*n = 12. Suppose n*l - 312 = 2*c, 0*l - 2*c = -5*l + 768. What is the highest common divisor of 19 and l?
19
Let b be (-60)/(-50)*(-5)/(-2). Let m = 7 - b. Suppose -51 = m*p - 147. Calculate the highest common divisor of 3 and p.
3
Let u be ((-18)/15 - -4)/((-2)/(-30)). Let l = -18 + u. Let x(q) = 4*q**2 - 7*q - 6. Let j be x(6). What is the greatest common divisor of j and l?
24
Let d be 10/120*1778 - 3/18. Calculate the highest common divisor of 12 and d.
4
Let c = -713 - -875. What is the greatest common divisor of c and 12?
6
Suppose -4*g + 3*h = -0*g - 205, 3*h = -9. Suppose 8*b = 193 - g. What is the highest common factor of 9 and b?
9
Suppose 0 = -5*g - r + 1427 + 1104, -2*r = g - 508. What is the highest common factor of g and 77?
11
Let l(c) be the third derivative of -43*c**4/12 - 10*c**3/3 - c**2. Let w be l(-4). What is the highest common divisor of w and 36?
36
Let b = -41 + 80. Suppose -3*j = -3*t + 33, 5*t - 4*j - b = -7*j. Suppose -t - 19 = -4*z. What is the highest common factor of 7 and z?
7
Let k(b) = -31*b - 1220. Let a be k(-40). Calculate the highest common divisor of 1110 and a.
10
Let j(x) = 2*x**2 - 4. Let v(c) = c - 1. Let n be v